 = -76 + 38. Let q = 55 + d. Suppose 2*b + v = 89, b - v = -q + 54. Calculate the remainder when b is divided by 15.
12
Suppose -34 = -4*k - 34. Suppose k = -w + 110 - 17. What is the remainder when w is divided by 24?
21
Let g = 7 + -5. Let u be ((-12)/14)/(8/(-28)). Suppose u*l + 2*r - 21 = -3*r, -3*l + 3 = -r. What is the remainder when g is divided by l?
0
Suppose -8*r + 419 = 107. What is the remainder when 2/4 - 618/(-4) is divided by r?
38
Let m(t) = 109*t**3 - 2*t**2 + 3*t - 1. Let n be m(1). Suppose -2*d = 5*q - 113, -2*d + 7 = 2*q - n. What is the remainder when d is divided by 12?
11
Suppose -4*w - 3*v + 200 = 0, -5*w = -3*w - 2*v - 100. Let t = -4 + w. What is the remainder when t is divided by 17?
12
Suppose -11 = 4*s + 9, -3*j = -s - 116. Let k = -38278 - -38351. Calculate the remainder when k is divided by j.
36
Suppose -8*o + 35*o = 1161. Calculate the remainder when 340 is divided by o.
39
Suppose 2 = 2*j + h, -5*j + 5*h + 20 = -0*h. Let t(d) = 4*d + 1. Let z(f) = 2*f**2 - f + 4. Calculate the remainder when z(-3) is divided by t(j).
7
Suppose 2*z = -16*z + 126. Calculate the remainder when 257 is divided by z.
5
Suppose 4*p - 212 = -148. What is the remainder when 93 is divided by p?
13
Suppose 0 = -5*x - 23 - 27. Calculate the remainder when (x/6)/(10/(-90)) is divided by 8.
7
Let b be (-1)/(10/(-16))*25/10. Suppose b*a - 16 = 2*a. What is the remainder when 39 is divided by a?
7
Let y = -253 + 343. Calculate the remainder when y is divided by 48.
42
Suppose 28*o - 1214 - 2426 = 0. Calculate the remainder when o is divided by 38.
16
Suppose -5*k + 135 = -5*f, 0 = -f - 2*f - 2*k - 61. Let g = 37 + f. Calculate the remainder when 97 is divided by g.
13
Let m = 84 - -39. Let o = -29 + m. What is the remainder when o is divided by 24?
22
Let o(w) = -w**3 - 14*w**2 - 47*w - 5. Calculate the remainder when 152 is divided by o(-9).
9
Let j(t) = 2*t + 6. Let u be j(-5). Let b(w) = 4*w**2 - 4*w + 2. Calculate the remainder when b(u) is divided by 6*-1*(-9 - (-152)/16)*-7.
19
What is the remainder when (234 - (2 + -1)) + (-1 - -6) is divided by 48?
46
Suppose -165 = -19*y + 253. What is the remainder when 415 is divided by y?
19
Suppose -69 = -12*a + 3. Suppose w + a = 49. Calculate the remainder when w is divided by 15.
13
Let y = -2372 - -2387. What is the remainder when 119 is divided by y?
14
Let c(t) = -t**2 + 7*t + 57. Calculate the remainder when 168 is divided by c(11).
12
Suppose 4*b = 3*v + 6 - 53, 11 = v + b. Let w(m) = m + 28. What is the remainder when w(v) is divided by 9?
5
Let d(t) = 6*t - 18. Let m be d(-13). Let u = 137 + m. Calculate the remainder when u is divided by 7.
6
Suppose -2*k - 2 = -3*k. Let f = 4 + k. What is the remainder when ((-6)/5)/((-18)/150) is divided by f?
4
Suppose 0 = 5*u + 3*h - 250, u + 5*h - 100 = -u. Calculate the remainder when u is divided by 6.
2
Suppose -87*l - 12 = -88*l. What is the remainder when 431 is divided by l?
11
Let m(c) = 34*c + c**3 + 2 + 12*c**2 + 18*c - 39*c. Let o be m(-11). Let f = o + 36. Calculate the remainder when 78 is divided by f.
14
Let g(x) = x**2 - 11*x + 83. What is the remainder when g(6) is divided by 9?
8
Let b = -141 - -157. Calculate the remainder when 63 is divided by b.
15
Suppose 0 = -5*l - 3*x + 43, 6*x = 4*l - 98 + 30. Calculate the remainder when 15 is divided by l.
4
Suppose -7*l + 5*i = -3*l - 152, 2*l = -4*i + 76. Suppose 2*d = d + 11. What is the remainder when l is divided by d?
5
Let y(q) = 36*q - 134. What is the remainder when y(6) is divided by 50?
32
Let k(w) = -w**2 - 12*w - 15. What is the remainder when 129 is divided by k(-9)?
9
Suppose -4*n - 4 = -4*q, 5*n + 4 = 3*q + n. Suppose 0 = 3*s - i - 21, q*i + i = -s + 7. What is the remainder when s is divided by (-17 + 14)*7/21*-7?
0
Let u(y) = -y**3 - 9*y**2 + 22*y + 13. Let q be u(-11). Suppose -4*f - 126 = -q*f. What is the remainder when 36 is divided by f?
8
Suppose -5*u - 990 + 250 = -5*s, 437 = 3*s + 4*u. Calculate the remainder when 305 is divided by s.
11
Calculate the remainder when (41 - 1) + (8 - -4 - 9) is divided by 10.
3
Suppose 5*z + 17 = 2, w + 3*z = 43. Let m = w + -15. Calculate the remainder when m is divided by 10.
7
Suppose y - 29 = 2*g, 0*y + y - 17 = -g. Let v = 168 + -109. What is the remainder when v is divided by y?
17
Let i be (-5)/15 + 32/6. Suppose i*p - 54 - 11 = 0. Calculate the remainder when p is divided by 3/(-1 - (-14)/8).
1
Let v(j) = j**3 + 5*j**2 + 3*j + 4. Suppose 0 = 2*p - 6. Calculate the remainder when v(-4) is divided by p.
2
Let v(s) = -2*s**2 + 13*s - 4. Let m be v(6). Calculate the remainder when (0 - m/8) + (-185)/(-20) is divided by (-33)/(-12) + 2/8.
0
Let o = -1262 + 1269. What is the remainder when 0 + 1 + 0 + 31 is divided by o?
4
Let r = -16 - -14. Let b(k) = -4*k + 1. Let n be b(r). Suppose l - n - 15 = -u, 2*u + 3*l - 47 = 0. Calculate the remainder when 98 is divided by u.
23
Let y be 12/(-2)*(-4)/(-6). Let g = -3 - y. Let p(u) = 15*u**2 + 2*u - 1. What is the remainder when 28 is divided by p(g)?
12
Suppose 16*c = -5*d + 11*c - 705, -8 = 4*c. Let o = d + 156. What is the remainder when 58 is divided by o?
7
Let f(k) = 3*k**2 + 10*k - 24. Let m(a) = -2*a**2 - 7*a + 8*a + 5 - 7*a**2 + 8*a + a**3. Calculate the remainder when f(-6) is divided by m(8).
11
Suppose 29*i = 31*i - 78. Calculate the remainder when 2/13 + -1*(-3777)/i is divided by 25.
22
Suppose -c + 5*c = -20, -c - 455 = -5*d. Calculate the remainder when d is divided by 61.
29
Let r(j) = -j**2 - 30*j - 17. Calculate the remainder when r(-6) is divided by 43.
41
Let s be 9 + (2 - 6) + -2. Suppose 3*r - 27 = r + s*a, -a = r - 11. Suppose -310 = -17*p + r*p. What is the remainder when p is divided by 21?
20
Let n(d) = -d**3 - 11*d**2 - 15*d + 41. What is the remainder when 52 is divided by n(-9)?
10
Let u = -59 + 189. Calculate the remainder when u is divided by 15.
10
Let h(f) = f - 1. Let x be h(1). Let c = 62 - 89. Let v = x - c. Calculate the remainder when v is divided by 7.
6
Let g(o) be the first derivative of -o**3/3 + 9*o**2/2 - 2*o + 25. What is the remainder when 86 is divided by g(4)?
14
Let o = -53 + 392. What is the remainder when o is divided by 43?
38
Suppose -2*d = -3*q - 168 + 290, -4*q - 5*d = -201. What is the remainder when 254 is divided by q?
34
Let l(c) = c**2 - 5*c + 2. Suppose 720 = 20*z + 28*z. What is the remainder when z is divided by l(6)?
7
Let n be (1/(-1))/(1/(-4)). Let d = 14 - n. What is the remainder when 27 is divided by 5/((-5)/4) + d?
3
What is the remainder when (3 - 284*-5) + (1 - -3) is divided by 26?
23
Suppose 0 = 3*k - 7 - 89. Let p = k - 23. What is the remainder when 42 is divided by p?
6
Let w be 7821/55 - (-2)/(-10). Suppose -4*f + 3*f = 5*n - 185, -4*n + w = 2*f. Calculate the remainder when n is divided by 7.
3
Let i = -1989 + 2326. Calculate the remainder when i is divided by 33.
7
Let w(t) = 1 + 2*t + 6*t**3 + t**2 + 0*t - 4*t. Suppose -2*n + 0 = 4*d - 60, 3*d + n - 47 = 0. Calculate the remainder when d is divided by w(1).
5
Suppose -a - 125 = 4*a. Let y = a + 64. Calculate the remainder when y is divided by 8.
7
Let i = 272 - 208. What is the remainder when i is divided by 39?
25
Calculate the remainder when 0 + 1 - (-119 + -2) is divided by 12040/387 + (-3)/27.
29
Let c(y) = y. Let q(t) = -23*t - 9. Let l(o) = 6*c(o) + q(o). What is the remainder when l(-6) is divided by 47?
46
Let h(r) = -14*r + 24. Calculate the remainder when h(-6) is divided by 28.
24
Suppose 2*g - 6 = 2. Suppose v = g*v - 9. Suppose -2*o + 102 = v*p, -o - 2*p + 53 = -p. What is the remainder when o is divided by 15?
12
Let i(c) = -18*c. Let n = 104 - 22. Suppose -n*w - 69 = -83*w. What is the remainder when w is divided by i(-1)?
15
Let c(t) be the third derivative of t**6/120 + t**4/12 + 4*t**3 + 8*t**2. What is the remainder when c(0) is divided by 13?
11
Suppose 0*p - 3*p - 34 = 5*t, 4*p = -5*t - 37. Suppose -2 = -5*v + 48. Calculate the remainder when (-295)/(-6) + 2*t/60 is divided by v.
9
Suppose 0 = -2*p - 8 - 44. Let h = -2 - p. What is the remainder when 2/(-4) - (-186)/4 is divided by h?
22
Suppose -3*v + 634 = 3*z + 133, 521 = 3*z - 2*v. Calculate the remainder when z is divided by 42.
3
Let u(b) = 4*b + 79. Calculate the remainder w